termine x(1).
25
Let a(i) = -2*i**3 - 180*i**2 - 6*i - 628. Give a(-90).
-88
Let y(k) = -60*k**2 + 199*k - 2. Determine y(1).
137
Let s(x) = -4*x**2 + 17*x + 42. Give s(-3).
-45
Let s(z) = 6867*z + 123598. Calculate s(-18).
-8
Let c(g) = 314*g + 6628. Give c(-21).
34
Let x(j) = 151*j - 181. Give x(1).
-30
Let i(o) = o**3 - 10*o**2 + 5*o + 35. Give i(9).
-1
Let u(k) = -4*k**2 + 18*k - 5. Calculate u(3).
13
Let y(s) = -s**3 - 228*s**2 + 4165*s + 15. Give y(-245).
15
Let j(a) = 3*a**2 + 87*a - 398. Give j(-33).
-2
Let j(r) = -r**2 - 42*r - 339. Calculate j(-29).
38
Let b(x) = x**3 - 15*x**2 + 39*x - 20. Give b(12).
16
Let q(s) = -s**2 + 53*s + 189. Give q(59).
-165
Let p(m) = -212*m + 10396. Determine p(49).
8
Let t(f) = 910*f - 7227. What is t(8)?
53
Let t(h) = 67*h - 868. What is t(9)?
-265
Let g(t) = 2*t**2 + 42*t + 697. Calculate g(-12).
481
Let o(j) = -115*j - 1253. Determine o(-11).
12
Let u(g) = -170*g - 539. What is u(-10)?
1161
Let d(j) = -1096*j + 4377. What is d(4)?
-7
Let u(s) = -12*s**2 - 22*s - 22. Calculate u(-2).
-26
Let n(m) = -632*m + 1918. Calculate n(3).
22
Let v(w) = 11*w**3 - 8*w**2 + 8. What is v(3)?
233
Let n(h) = -h**3 + 181*h**2 - 286*h - 12889. Determine n(179).
-1
Let a(u) = -u**3 + 108*u**2 + 4*u - 11864. Give a(107).
13
Let l(j) = -74*j - 463. Calculate l(-6).
-19
Let v(m) = -10*m**3 + 71*m**2 - 38*m + 232. Give v(7).
15
Let g(i) = i**3 + 6*i**2 + 6*i - 14. Give g(0).
-14
Let n(l) = 168*l + 4020. Determine n(-25).
-180
Let b(h) = -17*h - 263. What is b(19)?
-586
Let i(f) = 11*f + 366. Calculate i(7).
443
Let x(u) = u**3 - 19*u**2 - 3101*u - 57. Determine x(66).
9
Let q(w) = -11*w**3 + 69*w**2 - 10*w - 82. What is q(6)?
-34
Let h(d) = 38*d + 74. What is h(-3)?
-40
Let x(w) = -w**2 - 647*w - 4497. Determine x(-7).
-17
Let b(j) = -4*j**2 - 28*j + 617. Give b(10).
-63
Let z(b) = -117*b - 1712. Determine z(-15).
43
Let j(m) = -9*m**2 + 392*m + 86. What is j(44)?
-90
Let r(u) = 8*u**3 - 121*u**2 + 13*u + 24. Determine r(15).
-6
Let n(p) = p**3 - 35*p**2 + 87*p + 287. What is n(32)?
-1
Let q(z) = -z**2 - 31*z + 95. What is q(3)?
-7
Let q(k) = 65*k + 1083. Determine q(-17).
-22
Let n(h) = -h**3 - 37*h**2 - 32*h + 131. Calculate n(-36).
-13
Let c(w) = -15*w + 182. Determine c(9).
47
Let u(j) = -54*j - 1223. Determine u(-23).
19
Let p(g) = -7597*g + 45577. What is p(6)?
-5
Let c(v) = -6*v**2 - 61*v + 572. What is c(6)?
-10
Let v(i) = -20*i - 133. What is v(-8)?
27
Let n(p) = 962*p - 2886. Calculate n(3).
0
Let x(k) = -74*k - 2416. What is x(-35)?
174
Let o(k) = 41407*k - 165627. What is o(4)?
1
Let t(p) = -p**2 + 1255*p + 3752. Determine t(-3).
-22
Let j(u) = 49*u - 24. Determine j(2).
74
Let k(n) = n**3 - 9*n**2 - 9*n - 2. What is k(6)?
-164
Let q(x) = x**3 + x**2 - 23*x - 34. Determine q(-4).
10
Let n(x) = -x**2 + 676*x - 4039. Determine n(6).
-19
Let q(g) = -2*g**2 + 25*g - 136. What is q(7)?
-59
Let c(w) = 201*w - 1282. Give c(8).
326
Let v(k) = -k**3 - 8*k**2 + 7*k - 17. Determine v(-9).
1
Let t(f) = -f**3 + 42*f**2 - 81*f + 84. Determine t(40).
44
Let h(w) = -68*w + 552. Calculate h(8).
8
Let s(d) = 47*d**2 - 320*d - 61. Calculate s(7).
2
Let n(v) = -63*v - 236. Calculate n(-4).
16
Let k(g) = 25*g**2 - 6*g + 18. What is k(3)?
225
Let c(a) = -a**3 - 45*a**2 - 45*a + 1759. Determine c(-43).
-4
Let t(r) = -12*r + 205. What is t(18)?
-11
Let t(d) = 83*d + 16976. Determine t(-205).
-39
Let m(w) = w**3 - 43*w**2 + 73*w + 373. Determine m(41).
4
Let t(k) = -3*k**3 + 44*k**2 + 13*k + 10. Determine t(15).
-20
Let f(t) = -t**2 - 28647*t - 85936. What is f(-3)?
-4
Let n(y) = y**2 + 68*y + 1146. Give n(-37).
-1
Let f(y) = 2*y**2 - 5*y + 18. Determine f(4).
30
Let n(s) = -s**3 - 19*s**2 - 11*s - 4. Determine n(-9).
-715
Let p(v) = -v**3 - 101*v**2 + 198*v - 513. Give p(-103).
311
Let t(c) = c**3 + 15*c**2 - 46*c - 110. What is t(4)?
10
Let o(n) = n + 5. Give o(6).
11
Let f(i) = -20*i + 485. Determine f(24).
5
Let a(j) = j**3 + 8*j**2 - 14*j - 63. What is a(-9)?
-18
Let o(v) = 50*v + 954. Calculate o(-19).
4
Let z(v) = -4*v**2 - 19*v + 584. Give z(16).
-744
Let g(i) = -2*i**3 - 81*i**2 + 555*i + 13. Give g(6).
-5
Let u(c) = 15*c**2 + 103*c + 5. What is u(-8)?
141
Let c(g) = 2*g**3 - 9*g**2 - 19*g + 28. Calculate c(5).
-42
Let s(m) = -m**3 + 9*m**2 + 4*m - 31. Determine s(-2).
5
Let j(k) = k**3 + 19*k**2 + 101*k + 392. Calculate j(-14).
-42
Let c(d) = -1881*d + 9397. Determine c(5).
-8
Let a(u) = 56*u**2 - 9*u + 26. Calculate a(-3).
557
Let o(s) = 10*s**2 - 106*s - 1225. What is o(-7)?
7
Let j(g) = -3*g**2 + 224*g - 579. Calculate j(72).
-3
Let l(c) = -4*c**3 - 143*c**2 + 28*c - 268. Calculate l(-36).
20
Let u(a) = -1078*a + 1070. Determine u(1).
-8
Let u(t) = 13*t**2 + 122*t - 8. Calculate u(-10).
72
Let s(t) = -t**2 - 2038*t - 4073. Calculate s(-2).
-1
Let w(l) = 47*l + 6920. Calculate w(-147).
11
Let t(o) = -o**3 + 47*o**2 - 93*o + 160. Determine t(45).
25
Let k(z) = 45*z + 2244. Determine k(-50).
-6
Let o(l) = 4*l - 27. Calculate o(11).
17
Let c(k) = k**3 + 23*k**2 - 69*k + 166. Give c(-26).
-68
Let a(j) = j**2 + 66*j + 309. Calculate a(-5).
4
Let n(l) = -23*l - 423. Calculate n(-9).
-216
Let v(h) = -13*h**2 - 281*h + 405. Calculate v(-23).
-9
Let h(u) = -2*u**2 + 56*u - 232. What is h(5)?
-2
Let c(q) = 3*q**2 + 44*q + 62. Give c(-15).
77
Let a(t) = -2*t**3 + 49*t**2 - 68*t + 26. What is a(23)?
49
Let q(b) = 8*b + 142. Determine q(-25).
-58
Let q(t) = -60*t + 69. What is q(3)?
-111
Let g(j) = 55*j**2 - 4732*j + 176. What is g(86)?
4
Let q(g) = -2*g**3 + 10*g**2 - 31*g. Give q(5).
-155
Let g(r) = -r**2 + r + 199. Calculate g(15).
-11
Let a(r) = -r**2 + 15*r + 222. Give a(-10).
-28
Let k(t) = -t**2 + 1809*t + 19962. What is k(-11)?
-58
Let n(t) = -2*t**2 + 45*t - 103. Give n(18).
59
Let k(n) = 2*n**3 + 11*n**2 - 5533*n - 27690. Calculate k(-5).
0
Let t(c) = 57*c + 5606. Calculate t(-96).
134
Let j(w) = 87*w**2 - 524*w + 4. What is j(6)?
-8
Let i(o) = -1233*o - 29583. What is i(-24)?
9
Let w(g) = -4588*g - 32115. Calculate w(-7).
1
Let w(l) = -1105*l - 18806. What is w(-17)?
-21
Let t(u) = 4*u**3 - 3*u**2 + 5*u - 8. Calculate t(2).
22
Let m(z) = -z**3 - 85*z**2 + 66*z - 1716. Give m(-86).
4
Let l(b) = -2*b**3 - 36*b**2 + 50*b + 208. What is l(-19)?
-20
Let f(q) = 457*q - 4214. Give f(8).
-558
Let n(p) = -p**3 - 11*p**2 + 204*p + 2301. Determine n(-12).
-3
Let b(i) = i**2 + 48*i - 4748. Determine b(49).
5
Let o(i) = i**3 - 16*i**2 - 145*i + 2397. Determine o(15).
-3
Let d(x) = -x**3 + 20*x**2 + 97*x - 1942. What is d(20)?
-2
Let k(g) = g**2 + 48*g - 18471. What is k(-162)?
-3
Let j(m) = -20*m - 241. What is j(-7)?
-101
Let l(u) = u**3 + 32*u**2 - 36*u - 148. Calculate l(-33).
-49
Let x(l) = -8*l**2 + 55*l + 15. Give x(9).
-138
Let a(b) = 14*b**3 + 167*b**2 + 161. Determine a(-12).
17
Let k(x) = -5*x**3 - 5*x**2 + 5*x + 28. What is k(-3)?
103
Let k(u) = -u**2 - 27*u - 191. Give k(-9).
-29
Let q(f) = -f**3 - 11*f**2 + 9*f + 141. What is q(-4)?
-7
Let d(s) = 2*s**3 - 7*s**2 - 38*s + 76. Determine d(2).
-12
Let d(r) = -54*r + 13. Calculate d(-2).
121
Let l(z) = -z**2 - 101*z - 2502. Calculate l(-48).
42
Let p(y) = -16*y - 19. Give p(-4).
45
Let o(b) = b**2 - 23*b - 212. Give o(-7).
-2
Let q(d) = -891*d - 7069. What is q(-8)?
59
Let f(z) = -14*z + 39. What is f(-6)?
123
Let g(v) = v**2 + 21*v + 100. Determine g(-13).
-4
Let a(x) = -7*x**3 + 103*x**2 + 28*x - 15. Calculate a(15).
-45
Let u(c) = 2*c**2 + 3*c - 29. Determine u(-12).
223
Let p(j) = -j**2 - 47*j - 511. Give p(-17).
-1
Let b(n) = -n**3 + 36*n**2 - 23*n - 420. What is b(35)?
0
Let v(l) = -9*l**2 - 12*l + 52. Calculate v(3).
-65
Let i(d) = -d**3 - 18*d**2 + 1361*d - 92. Give i(-47).
2
Let j(i) = -91*i + 281. Give j(3).
8
Let m(o) = -o**2 - 129*o - 3042. What is m(-31)?
-4
Let t(b) = 2*b**2 - 35*b - 84. Calculate t(27).
429
Let p(g) = 45*g + 184. Give p(-5).
-41
Let x(z) = z**2 + 13*z - 64. Determine x(-24).
200
Let y(x) = x**3 + 19*x**2 - 76*x - 212. Give y(-22).
8
Let y(f) = 7*f**2 - 38*f + 8. Give y(6).
32
Let m(w) = -72*w**3 - 4*w**2 - 7*w + 17. What is m(2)?
-589
Let s(t) = t**2 + 13*t - 766. Determine s(17).
-256
Let k(m) = -6*m - 369. Give k(-24).
-225
Let a(b) = -36*b**2 + 2233*b - 43. Give a(62).
19
Let f(h) = 2*h**3 + 101*h**2 + 77*h + 1350. What is f(-50)?
0
Let y(u)